rs of v(k)?
5, 19
What are the prime factors of ((-60)/10 - -4)/(1/(-719))?
2, 719
Let i = 962 - 233. What are the prime factors of i?
3
Let g(n) = n**3 - 2*n + 2. Let o be g(2). Suppose q - 3*q + o = 0. Suppose 0 = 4*w - w + m - 9, q = 3*w - m. List the prime factors of w.
2
Let i(y) be the first derivative of -4*y**2 + 2*y + 4. List the prime factors of i(-5).
2, 3, 7
Let q(a) = a**2 + 16*a + 28. List the prime factors of q(-37).
5, 7, 23
Let w be (-2)/6 + (56/(-6))/(-1). Let f = 31 - w. What are the prime factors of f?
2, 11
Let l(y) = 4*y + 12. Let s be l(-8). Let p = 29 + s. List the prime factors of p.
3
Let v = 2 + -1. Let n(g) = 31*g + 10*g + 4*g. What are the prime factors of n(v)?
3, 5
Suppose 0*m - d - 7 = -m, -5 = -m + 2*d. Suppose 6*l = m*l - 18. List the prime factors of (l/(-4))/((-3)/58).
29
Let q(g) = g**3 - 4*g**2 - 16*g + 21. Let b be q(5). List the prime factors of 51/b - ((-790)/4 + -1).
197
Suppose -5*k - 3*z = -2*z + 4, -5*k = 4*z + 16. Suppose k*a - 5*a + 30 = 0. What are the prime factors of 3/a - (-94)/4?
2, 3
List the prime factors of 12140/40*(-32)/(-4).
2, 607
Let h(m) = -2*m - 1. Let p = 3 + -5. Let l be h(p). Suppose 52 = l*j - j. What are the prime factors of j?
2, 13
Let i(w) = 36*w**2 + 6*w. Let p be i(-4). Let h be (-10)/4*p/(-15). Suppose h = j + j. What are the prime factors of j?
2, 23
Let c be (-732)/30 + (-4)/(-10). Let p be 2/(-2)*(-4 - -17). Let l = p - c. What are the prime factors of l?
11
Let x = 48 - 36. Let w = x + 64. List the prime factors of w.
2, 19
Let i be (-1 - 12/3)/1. List the prime factors of -39*(-5 - (i - -4)).
2, 3, 13
Let n(w) = w**3 + 10*w**2 + 10*w + 1. Let b be n(-9). What are the prime factors of b + 27 - 8/2?
3, 5
Let l be -4 - ((-38)/(-2))/((-2)/(-10)). Let n = l + 186. List the prime factors of n.
3, 29
Suppose 5*z - 530 = 295. Suppose -s - 4*s + z = 0. List the prime factors of s + (-9)/3 + 1.
31
Suppose -3760 = -7*k - 435. List the prime factors of k.
5, 19
Let g(u) = -2*u + 7. Suppose 0 = m + 2 + 3. Let o be g(m). Let l = o - 13. What are the prime factors of l?
2
Let k be 6/(-27) - 1568/(-9). Let z = k + -102. List the prime factors of z.
2, 3
Let s = 173 + -169. Suppose -1639 = -5*x + s*q, 3*x + 0*x - 981 = 3*q. List the prime factors of x.
331
Let w(q) = 119*q + 6. Let z be w(-4). List the prime factors of ((-5)/(-25))/((-2)/z).
47
What are the prime factors of ((-2234)/(-6))/(67/201)?
1117
Let v be -3 - (-4)/(-7 - -3). What are the prime factors of (31/(-2) + v)*-2?
3, 13
What are the prime factors of 6224/14 + (-21 - 3003/(-147))?
2, 3, 37
Suppose -3 = 3*f, -4*f + 109 = -5*u + 6*u. List the prime factors of u.
113
Let c(n) = -3*n - 38. Let w(z) = -5*z**2 + 8*z. Let u be w(3). What are the prime factors of c(u)?
5
Suppose 0 = -15*y - 9*y + 46704. What are the prime factors of y?
2, 7, 139
Suppose 2*m + 3*q - 4563 = 0, 10*q - 8*q = -5*m + 11391. Suppose -13*u = -2*u - m. List the prime factors of u.
3, 23
Let w(u) = -u**3 + 4*u**2 + 23*u - 5. Suppose -2*q + 66 = 52. List the prime factors of w(q).
3
Let a be 26/39*6/(-16)*-8. Suppose -2*f = a*x - 244, -5*f + 193 = x - 413. What are the prime factors of f?
11
Let z(q) = -2*q**3 - 12*q**2 - 16*q - 35. What are the prime factors of z(-10)?
5, 37
Let k be ((-1)/2)/(2/(-3144)). Let w be (-33)/(-44) - k/(-8). Let f = w + -19. What are the prime factors of f?
2, 5
Suppose -2*b = 2*b - 4, -3*q + 844 = -5*b. What are the prime factors of q?
283
Let q(n) = -n**3 + 1 - 2*n + 7 - 4 + 0*n - n**2. Let y be q(-4). What are the prime factors of (4/5)/(3/y)?
2
Suppose -2*s - 5*i + 23 + 4 = 0, -i = -2*s + 33. Let m be 307/4 + (-12)/s. Suppose -9*q + m = -7*q. List the prime factors of q.
2, 19
Suppose -4*l - 191 = -m - 2*l, 0 = -4*m + 5*l + 773. What are the prime factors of m?
197
What are the prime factors of 741 - ((-12)/6)/(1 + -3)?
2, 5, 37
Suppose -y + 1 = -c + 5, -4*c + y + 22 = 0. What are the prime factors of c/4 - -38*36/16?
3, 29
Suppose 3*d = 2*d + 3. Suppose d*s - 22 = z, 2*s + 2*z = 3*z + 16. What are the prime factors of (78/(-8))/(s/(-16))?
2, 13
Let u(p) = 22*p**2 - 3*p + 1. List the prime factors of u(-4).
5, 73
Suppose x + 2*o - 436 = 0, -5*x + 105 = -2*o - 2099. What are the prime factors of x?
2, 5, 11
Let u = -532 + 811. What are the prime factors of u?
3, 31
Suppose -24*u - 2858 = -i - 26*u, -i + 4*u + 2834 = 0. List the prime factors of i.
2, 3, 5, 19
Let t(g) = g**2 + 11*g + 14. Let y be t(-10). Let x(i) = 7*i**2 + y*i - 3 + 1 - i + i**3. List the prime factors of x(-6).
2
What are the prime factors of 52*(-4 - (2 - (1 + 6)))?
2, 13
Suppose -10 = -2*u, 26 + 1 = q + 5*u. Suppose 376 = q*o - 180. List the prime factors of o.
2, 139
Let m(i) = -27*i**3 + 2*i**2 + 11*i + 15. List the prime factors of m(-4).
3, 577
Suppose -8*g + 7490 = -3*g. What are the prime factors of g?
2, 7, 107
Let s(n) = -2*n**2 + 10*n + 6. Let h be s(6). Let y = 45 + h. List the prime factors of y.
3, 13
Suppose 5*s = -5*d + 235, 44 = 2*d - s - 38. Let m = -27 + d. List the prime factors of m.
2
Suppose -9641 = -3*v - 1814. What are the prime factors of v?
2609
What are the prime factors of ((-42)/(-8))/((-69)/(-16928))?
2, 7, 23
Let g(a) = -3 - 26*a**2 + 13*a**2 + 18*a**2. List the prime factors of g(-8).
317
Let y = -27 - -26. Let i be (y + -11)*(-2)/4. Suppose -2*h + i = -120. List the prime factors of h.
3, 7
Suppose -10*c + 6584 = -2*c. What are the prime factors of c?
823
Let t(w) = -w**3 - w**2 - 3*w - 7. Let u be t(-8). List the prime factors of u/12 - 12/64*4.
2, 19
What are the prime factors of 1035550/1341 - ((-2)/(-9) - 0)?
2, 193
Suppose 3*f - 2 - 4 = 0. Suppose -3*h + p = f*p - 74, -5*h = 4*p - 128. List the prime factors of h.
2, 3
Let u(a) = a**3 - 7*a**2 + 8*a - 8. Let y be u(6). Let j = 3 - -7. Suppose 5*t - 6 + 0 = 4*x, y*t = -2*x + j. What are the prime factors of t?
2
Suppose 5*z - 4 = 6. Suppose z*y - 6 = 4. What are the prime factors of y?
5
List the prime factors of (-2)/((-3)/(-13428)*-4) + 0.
2, 3, 373
Let s = -7 + 12. Suppose s*w = 91 + 24. Let r = 46 - w. List the prime factors of r.
23
Let x = -68 - -221. What are the prime factors of 4*5/(-20) + 0 + x?
2, 19
Let z(y) be the second derivative of -y**4/12 + 29*y**3/6 - 53*y**2/2 - 32*y. List the prime factors of z(25).
47
Suppose -4*n + 0*t - 2*t + 4836 = 0, -6036 = -5*n + 2*t. What are the prime factors of n?
2, 151
Let f = -7246 + 11612. List the prime factors of f.
2, 37, 59
Let h = -260 + 483. List the prime factors of h.
223
Let d(j) = -6*j + 5. Let v be d(-2). Suppose -v*s = 3*s - 1940. What are the prime factors of s?
97
Let f = 88 + -85. Suppose -16 = 4*p, -2*p = -f*m - 4*p + 208. List the prime factors of m.
2, 3
Let b(c) = 50*c**2 + 8*c + 16. Suppose 7*j - 24 = 19*j. What are the prime factors of b(j)?
2, 5
Suppose -3*l = 5*j - 1136, 5*j - 10*l - 1134 = -12*l. List the prime factors of j.
2, 113
Let g(j) = 74*j**2 - j + 15. List the prime factors of g(-3).
2, 3, 19
Let n be (-28)/10*(-3 + 4/8). Suppose -2*v + n*v - 4*g - 768 = 0, 4*v - 2*g - 612 = 0. List the prime factors of v.
2, 19
Let i = 6 - -6. Let k be (-3)/6*i*-3. Suppose 8*o - k = 5*o. What are the prime factors of o?
2, 3
Suppose 2*j + 28 = 4*f - 0*j, 0 = 5*j - 10. Suppose -c + f + 18 = 0. What are the prime factors of c?
2, 13
Let h(q) be the second derivative of 3*q**5/10 + 5*q. Let z be h(1). Suppose z = 2*u - 0*u, 0 = v + u - 9. List the prime factors of v.
2, 3
Suppose 2*z = 266 + 130. Suppose 0*k = -2*k + z. What are the prime factors of k?
3, 11
List the prime factors of (1125/(-100))/(2/(-40)).
3, 5
Let i be (3 + (-21)/9)*243/6. Suppose 0 = 3*q - 267 + i. What are the prime factors of q?
2, 5
Let d = 98 + -25. Let m = d + -38. What are the prime factors of m?
5, 7
Let m(h) = h + 8. Suppose -23 = 4*k + 1. Let a be m(k). Suppose -53 = -5*i + 2*o, 21 = a*i - 0*i - o. What are the prime factors of i?
11
Let o(j) be the third derivative of j**6/360 + j**5/120 - 5*j**4/24 + j**3/6 + 3*j**2. Let y(h) be the first derivative of o(h). List the prime factors of y(4).
3, 5
Let u be (0 - ((-2)/(-1) - 2))/2. Suppose -486 = -4*h - o, 2*h + u*o = -o + 244. What are the prime factors of h?
11
Suppose 3*h = 5*h. What are the prime factors of -1 + (-4 - -37 - h)?
2
Suppose -3*v + 95 = 2*v. Suppose v*q